9?
2
What is the ten thousands digit of 3276034235?
3
What is the billions digit of 1452052032?
1
What is the hundreds digit of 94691487?
4
What is the millions digit of 1021873929?
1
What is the ten millions digit of 561500893?
6
What is the thousands digit of 395046319?
6
What is the units digit of 669131243?
3
What is the thousands digit of 14904544?
4
What is the hundred thousands digit of 2062897633?
8
What is the hundred millions digit of 1133639293?
1
What is the hundred thousands digit of 100086188?
0
What is the thousands digit of 2087701637?
1
What is the ten millions digit of 1067023519?
6
What is the tens digit of 106150584?
8
What is the billions digit of 1286470314?
1
What is the millions digit of 4024919991?
4
What is the hundred thousands digit of 9725145?
7
What is the ten thousands digit of 6207820022?
2
What is the hundred thousands digit of 62908499?
9
What is the ten millions digit of 6803276203?
0
What is the ten millions digit of 131110612?
3
What is the millions digit of 481862125?
1
What is the ten thousands digit of 1377952013?
5
What is the thousands digit of 23697823?
7
What is the hundreds digit of 1104124491?
4
What is the hundred thousands digit of 8578834?
5
What is the hundred thousands digit of 53910157?
9
What is the millions digit of 93244559?
3
What is the ten millions digit of 291966081?
9
What is the ten thousands digit of 429048053?
4
What is the units digit of 4431663320?
0
What is the hundred thousands digit of 315344146?
3
What is the hundreds digit of 20942180?
1
What is the thousands digit of 745079563?
9
What is the hundred millions digit of 189109726?
1
What is the ten millions digit of 5780850258?
8
What is the millions digit of 3915694052?
5
What is the billions digit of 6376102831?
6
What is the units digit of 399735913?
3
What is the hundreds digit of 335758026?
0
What is the hundreds digit of 6000597139?
1
What is the tens digit of 1411376611?
1
What is the hundred thousands digit of 3820678079?
6
What is the ten millions digit of 859213113?
5
What is the millions digit of 92261587?
2
What is the ten thousands digit of 336335874?
3
What is the hundred millions digit of 214321558?
2
What is the hundred thousands digit of 96813134?
8
What is the hundred thousands digit of 273159495?
1
What is the ten thousands digit of 663757620?
5
What is the billions digit of 2703063419?
2
What is the hundred millions digit of 329758527?
3
What is the thousands digit of 1458053?
8
What is the ten millions digit of 50098224?
5
What is the units digit of 2482172091?
1
What is the ten millions digit of 24779463?
2
What is the tens digit of 4872147339?
3
What is the hundred thousands digit of 66880826?
8
What is the thousands digit of 75788710?
8
What is the millions digit of 22779882?
2
What is the ten millions digit of 589921749?
8
What is the ten millions digit of 28629525?
2
What is the hundred thousands digit of 605581815?
5
What is the tens digit of 21418761?
6
What is the ten thousands digit of 188029619?
2
What is the tens digit of 1636422?
2
What is the hundred millions digit of 254162885?
2
What is the thousands digit of 94879751?
9
What is the units digit of 119123099?
9
What is the ten thousands digit of 17315024?
1
What is the ten millions digit of 1202447936?
0
What is the units digit of 30796821?
1
What is the millions digit of 472808263?
2
What is the hundred thousands digit of 64757142?
7
What is the ten thousands digit of 64852986?
5
What is the thousands digit of 90079301?
9
What is the ten millions digit of 743482909?
4
What is the ten millions digit of 94745347?
9
What is the hundred thousands digit of 51619878?
6
What is the billions digit of 4195606301?
4
What is the hundred thousands digit of 982056601?
0
What is the hundred millions digit of 8761885026?
7
What is the millions digit of 70122859?
0
What is the units digit of 29595928?
8
What is the tens digit of 3040945006?
0
What is the tens digit of 27056604?
0
What is the ten millions digit of 760576880?
6
What is the millions digit of 21147206?
1
What is the millions digit of 79323409?
9
What is the millions digit of 82319361?
2
What is the hundred thousands digit of 1015251262?
2
What is the millions digit of 430744143?
0
What is the units digit of 96326213?
3
What is the ten thousands digit of 60428046?
2
What is the ten millions digit of 94281175?
9
What is the ten thousands digit of 1239831876?
3
What is the billions digit of 1861421811?
1
What is the tens digit of 46210278?
7
What is the ten thousands digit of 291996613?
9
What is the millions digit of 921034996?
1
What is the hundred thousands digit of 435798414?
7
What is the ten thousands digit of 225553477?
5
What is the hundred thousands digit of 2126634965?
6
What is the hundred thousands digit of 539115117?
1
What is the hundred millions digit of 159298852?
1
What is the units digit of 367850885?
5
What is the ten thousands digit of 45464960?
6
What is the millions digit of 6295116?
6
What is the ten millions digit of 182409404?
8
What is the tens digit of 56264560?
6
What is the hundreds digit of 34939385?
3
What is the units digit of 4156864984?
4
What is the ten millions digit of 170409738?
7
What is the hundred millions digit of 123302848?
1
What is the ten millions digit of 3338846783?
3
What is the hundred millions digit of 859826463?
8
What is the ten thousands digit of 1250110073?
1
What is the units digit of 826618217?
7
What is the hundreds digit of 3115710350?
3
What is the tens digit of 132648982?
8
What is the ten thousands digit of 42908606?
0
What is the ten thousands digit of 120087457?
8
What is the units digit of 2236457542?
2
What is the units digit of 2079204?
4
What is the ten millions digit of 53013008?
5
What is the ten thousands digit of 2049029077?
2
What is the tens digit of 261625870?
7
What is the ten thousands digit of 663542010?
4
What is the ten millions digit of 457144528?
5
What is the units digit of 108544069?
9
What is the tens digit of 5530728599?
9
What is the hundreds digit of 1249422115?
1
What is the ten thousands digit of 26844298?
4
What is the hundred thousands digit of 27463090?
4
What is the ten thousands digit of 95640818?
4
What is the units digit of 25965531?
1
What is the thousands digit of 5579856391?
6
What is the ten millions digit of 467675340?
6
What is the tens digit of 2798499524?
2
What is the thousands digit of 183008344?
8
What is the ten millions digit of 38770423?
3
What is the thousands digit of 472934717?
4
What is the ten millions digit of 44561871?
4
What is the units digit of 39189433?
3
What is the units digit of 58140625?
5
What is the hundred millions digit of 3857685617?
8
What is the hundred thousands digit of 441483714?
4
What is the hundred millions digit of 175312308?
1
What is the thousands digit of 178736082?
6
What is the ten millions digit of 131344562?
3
What is the ten thousands digit of 44582327?
8
What is the hundred millions digit of 109574678?
1
What is the thousands digit of 394639685?
9
What is the units digit of 420876723?
3
What is the thousands digit of 39385971?
5
What is the units digit of 28314658?
8
What is the millions digit of 1697510?
1
What is the ten thousands digit of 1321063579?
6
What is the ten thousands digit of 1354733493?
3
What is the millions digit of 352823189?
2
What is the hundreds digit of 1276660393?
3
What is the ten millions digit of 939006250?
3
What is the units digit of 641838713?
3
What is the tens digit of 8333390?
9
What is the units digit of 1219381843?
3
What is the hundreds digit of 886366647?
6
What is the thousands digit of 648042755?
2
What is the ten millions digit of 445668393?
4
What is the millions digit of 12808922?
2
What is the hundred thousands digit of 61472432?
4
What is the thousands digit of 104332969?
2
What is the ten millions digit of 298022992?
9
What is the billions digit of 2036702081?
2
What is the thousands digit of 5884446?
4
What is the thousands digit of 1642237906?
7
What is the thousands digit of 234972320?
2
What is the hundred thousands digit of 51744838?
7
What is the units digit of 113241348?
8
What is the units digit of 1621227114?
4
What is the millions digit of 24570290?
4
What is the hundred millions digit of 7085